{"id":106,"date":"2018-05-08T19:37:26","date_gmt":"2018-05-08T17:37:26","guid":{"rendered":"http:\/\/sophrologie-hypnose-saint-raphael-frejus.fr\/?page_id=106"},"modified":"2018-06-07T09:53:55","modified_gmt":"2018-06-07T07:53:55","slug":"pour-qui","status":"publish","type":"page","link":"https:\/\/sophrologie-hypnose-saint-raphael-frejus.fr\/index.php\/hypnose\/pour-qui\/","title":{"rendered":"Pour qui ?"},"content":{"rendered":"<h2>L\u2019hypnose est accessible \u00e0 tous:<\/h2>\n<p>femmes, hommes, enfants, adolescents, seniors,\u2026 Elle se pratique en s\u00e9ance individuelle. Les exercices propos\u00e9s peuvent \u00eatre r\u00e9alis\u00e9s en position assise ou debout.<\/p>\n","protected":false},"excerpt":{"rendered":"<p>L\u2019hypnose est accessible \u00e0 tous: femmes, hommes, enfants, adolescents, seniors,\u2026 Elle se pratique en s\u00e9ance individuelle. Les exercices propos\u00e9s peuvent \u00eatre r\u00e9alis\u00e9s en position assise ou debout.<\/p>\n","protected":false},"author":1,"featured_media":0,"parent":78,"menu_order":1,"comment_status":"closed","ping_status":"closed","template":"","meta":[],"yoast_head":"<!-- This site is optimized with the Yoast SEO plugin v16.5 - https:\/\/yoast.com\/wordpress\/plugins\/seo\/ -->\n<title>L&#039;hypnose, pour qui ? - Saint Raphael - Fr\u00e9jus<\/title>\n<meta name=\"robots\" content=\"index, follow, max-snippet:-1, max-image-preview:large, max-video-preview:-1\" \/>\n<link rel=\"canonical\" href=\"https:\/\/sophrologie-hypnose-saint-raphael-frejus.fr\/index.php\/hypnose\/pour-qui\/\" \/>\n<meta property=\"og:locale\" content=\"fr_FR\" \/>\n<meta property=\"og:type\" content=\"article\" \/>\n<meta property=\"og:title\" content=\"L&#039;hypnose, pour qui ? - Saint Raphael - Fr\u00e9jus\" \/>\n<meta property=\"og:description\" content=\"L\u2019hypnose est accessible \u00e0 tous: femmes, hommes, enfants, adolescents, seniors,\u2026 Elle se pratique en s\u00e9ance individuelle. Les exercices propos\u00e9s peuvent \u00eatre r\u00e9alis\u00e9s en position assise ou debout.\" \/>\n<meta property=\"og:url\" content=\"https:\/\/sophrologie-hypnose-saint-raphael-frejus.fr\/index.php\/hypnose\/pour-qui\/\" \/>\n<meta property=\"og:site_name\" content=\"Sophrologue - Sophroth\u00e9rapeute - Hypnoth\u00e9rapeute\" \/>\n<meta property=\"article:modified_time\" content=\"2018-06-07T07:53:55+00:00\" \/>\n<meta name=\"twitter:card\" content=\"summary_large_image\" \/>\n<script type=\"application\/ld+json\" class=\"yoast-schema-graph\">{\"@context\":\"https:\/\/schema.org\",\"@graph\":[{\"@type\":\"WebSite\",\"@id\":\"http:\/\/sophrologie-hypnose-saint-raphael-frejus.fr\/#website\",\"url\":\"http:\/\/sophrologie-hypnose-saint-raphael-frejus.fr\/\",\"name\":\"Sophrologue - Sophroth\\u00e9rapeute - Hypnoth\\u00e9rapeute\",\"description\":\"Sophie Davignon - Saint-Raphael\",\"potentialAction\":[{\"@type\":\"SearchAction\",\"target\":\"http:\/\/sophrologie-hypnose-saint-raphael-frejus.fr\/?s={search_term_string}\",\"query-input\":\"required name=search_term_string\"}],\"inLanguage\":\"fr-FR\"},{\"@type\":\"WebPage\",\"@id\":\"https:\/\/sophrologie-hypnose-saint-raphael-frejus.fr\/index.php\/hypnose\/pour-qui\/#webpage\",\"url\":\"https:\/\/sophrologie-hypnose-saint-raphael-frejus.fr\/index.php\/hypnose\/pour-qui\/\",\"name\":\"L'hypnose, pour qui ? - Saint Raphael - Fr\\u00e9jus\",\"isPartOf\":{\"@id\":\"http:\/\/sophrologie-hypnose-saint-raphael-frejus.fr\/#website\"},\"datePublished\":\"2018-05-08T17:37:26+00:00\",\"dateModified\":\"2018-06-07T07:53:55+00:00\",\"breadcrumb\":{\"@id\":\"https:\/\/sophrologie-hypnose-saint-raphael-frejus.fr\/index.php\/hypnose\/pour-qui\/#breadcrumb\"},\"inLanguage\":\"fr-FR\",\"potentialAction\":[{\"@type\":\"ReadAction\",\"target\":[\"https:\/\/sophrologie-hypnose-saint-raphael-frejus.fr\/index.php\/hypnose\/pour-qui\/\"]}]},{\"@type\":\"BreadcrumbList\",\"@id\":\"https:\/\/sophrologie-hypnose-saint-raphael-frejus.fr\/index.php\/hypnose\/pour-qui\/#breadcrumb\",\"itemListElement\":[{\"@type\":\"ListItem\",\"position\":1,\"name\":\"Accueil\",\"item\":\"http:\/\/sophrologie-hypnose-saint-raphael-frejus.fr\/\"},{\"@type\":\"ListItem\",\"position\":2,\"name\":\"Hypnose\",\"item\":\"http:\/\/sophrologie-hypnose-saint-raphael-frejus.fr\/index.php\/hypnose\/\"},{\"@type\":\"ListItem\",\"position\":3,\"name\":\"Pour qui ?\"}]}]}<\/script>\n<!-- \/ Yoast SEO plugin. -->","_links":{"self":[{"href":"https:\/\/sophrologie-hypnose-saint-raphael-frejus.fr\/index.php\/wp-json\/wp\/v2\/pages\/106"}],"collection":[{"href":"https:\/\/sophrologie-hypnose-saint-raphael-frejus.fr\/index.php\/wp-json\/wp\/v2\/pages"}],"about":[{"href":"https:\/\/sophrologie-hypnose-saint-raphael-frejus.fr\/index.php\/wp-json\/wp\/v2\/types\/page"}],"author":[{"embeddable":true,"href":"https:\/\/sophrologie-hypnose-saint-raphael-frejus.fr\/index.php\/wp-json\/wp\/v2\/users\/1"}],"replies":[{"embeddable":true,"href":"https:\/\/sophrologie-hypnose-saint-raphael-frejus.fr\/index.php\/wp-json\/wp\/v2\/comments?post=106"}],"version-history":[{"count":4,"href":"https:\/\/sophrologie-hypnose-saint-raphael-frejus.fr\/index.php\/wp-json\/wp\/v2\/pages\/106\/revisions"}],"predecessor-version":[{"id":217,"href":"https:\/\/sophrologie-hypnose-saint-raphael-frejus.fr\/index.php\/wp-json\/wp\/v2\/pages\/106\/revisions\/217"}],"up":[{"embeddable":true,"href":"https:\/\/sophrologie-hypnose-saint-raphael-frejus.fr\/index.php\/wp-json\/wp\/v2\/pages\/78"}],"wp:attachment":[{"href":"https:\/\/sophrologie-hypnose-saint-raphael-frejus.fr\/index.php\/wp-json\/wp\/v2\/media?parent=106"}],"curies":[{"name":"wp","href":"https:\/\/api.w.org\/{rel}","templated":true}]}}