{"id":115,"date":"2018-05-08T19:42:02","date_gmt":"2018-05-08T17:42:02","guid":{"rendered":"http:\/\/sophrologie-hypnose-saint-raphael-frejus.fr\/?page_id=115"},"modified":"2018-05-21T18:58:06","modified_gmt":"2018-05-21T16:58:06","slug":"qui-suis-je","status":"publish","type":"page","link":"https:\/\/sophrologie-hypnose-saint-raphael-frejus.fr\/index.php\/qui-suis-je\/","title":{"rendered":"Domaines d&rsquo;applications"},"content":{"rendered":"<p>&#8211; Estime de soi et confiance en soi<\/p>\n<p>&#8211; Gestion du stress et des \u00e9motions<\/p>\n<p>&#8211; Pr\u00e9paration aux examens, concentration, travail sur la m\u00e9moire<\/p>\n<p>&#8211; Pr\u00e9paration aux interventions chirurgicales<\/p>\n<p>&#8211; Pr\u00e9paration aux \u00e9preuves sportives<\/p>\n<p>&#8211; P\u00e9rinatalit\u00e9<\/p>\n<p>&#8211; Pr\u00e9paration antidouleur (dentisterie, chirurgie\u2026.)<\/p>\n<p>&#8211; Douleurs<\/p>\n<p>&#8211; Dermatologie<\/p>\n<p>&#8211; Troubles gastro- intestinaux<\/p>\n<p>&#8211; Anxi\u00e9t\u00e9, phobies, tics, peurs<\/p>\n<p>&#8211; Deuil, s\u00e9paration<\/p>\n<p>&#8211; Sevrage tabagique<\/p>\n<p>&#8211; Gestion du poids<\/p>\n<p>&#8211; Sexologie<\/p>\n<p>&#8211; Insomnie \u2013 fatigue<\/p>\n<p>&#8211; D\u00e9pression\u00a0 \u2013 Burn out<\/p>\n<p>&#8211; Migraine, c\u00e9phal\u00e9es de tension<\/p>\n<p>&#8211; Asthme<\/p>\n<p>&#8211; B\u00e9gaiement<\/p>\n<p>&#8211; Acouph\u00e8nes<\/p>\n<p>&#8211; Compl\u00e9ment th\u00e9rapeutique anti-canc\u00e9reuse (en association avec la th\u00e9rapie classique)<\/p>\n","protected":false},"excerpt":{"rendered":"<p>&#8211; Estime de soi et confiance en soi &#8211; Gestion du stress et des \u00e9motions &#8211; Pr\u00e9paration aux examens, concentration, travail sur la m\u00e9moire &#8211; Pr\u00e9paration aux interventions chirurgicales &#8211; Pr\u00e9paration aux \u00e9preuves sportives &#8211; P\u00e9rinatalit\u00e9 &#8211; Pr\u00e9paration antidouleur (dentisterie, chirurgie\u2026.) &#8211; Douleurs &#8211; Dermatologie &#8211; Troubles gastro- intestinaux &#8211; Anxi\u00e9t\u00e9, phobies, tics, peurs &#8211; &hellip; <a href=\"https:\/\/sophrologie-hypnose-saint-raphael-frejus.fr\/index.php\/qui-suis-je\/\" class=\"more-link\">Continuer la lecture<span class=\"screen-reader-text\"> de &laquo;&nbsp;Domaines d&rsquo;applications&nbsp;&raquo;<\/span><\/a><\/p>\n","protected":false},"author":1,"featured_media":0,"parent":0,"menu_order":0,"comment_status":"closed","ping_status":"closed","template":"","meta":[],"yoast_head":"<!-- This site is optimized with the Yoast SEO plugin v16.5 - https:\/\/yoast.com\/wordpress\/plugins\/seo\/ -->\n<title>Domaines d&#039;applications - Sophrologue - Sophroth\u00e9rapeute - Hypnoth\u00e9rapeute<\/title>\n<meta name=\"robots\" content=\"index, follow, max-snippet:-1, max-image-preview:large, max-video-preview:-1\" \/>\n<link rel=\"canonical\" href=\"http:\/\/sophrologie-hypnose-saint-raphael-frejus.fr\/index.php\/qui-suis-je\/\" \/>\n<meta property=\"og:locale\" content=\"fr_FR\" \/>\n<meta property=\"og:type\" content=\"article\" \/>\n<meta property=\"og:title\" content=\"Domaines d&#039;applications - Sophrologue - Sophroth\u00e9rapeute - Hypnoth\u00e9rapeute\" \/>\n<meta property=\"og:description\" content=\"&#8211; Estime de soi et confiance en soi &#8211; Gestion du stress et des \u00e9motions &#8211; Pr\u00e9paration aux examens, concentration, travail sur la m\u00e9moire &#8211; Pr\u00e9paration aux interventions chirurgicales &#8211; Pr\u00e9paration aux \u00e9preuves sportives &#8211; P\u00e9rinatalit\u00e9 &#8211; Pr\u00e9paration antidouleur (dentisterie, chirurgie\u2026.) &#8211; Douleurs &#8211; Dermatologie &#8211; Troubles gastro- intestinaux &#8211; Anxi\u00e9t\u00e9, phobies, tics, peurs &#8211; &hellip; Continuer la lecture de &laquo;&nbsp;Domaines d&rsquo;applications&nbsp;&raquo;\" \/>\n<meta property=\"og:url\" content=\"http:\/\/sophrologie-hypnose-saint-raphael-frejus.fr\/index.php\/qui-suis-je\/\" \/>\n<meta property=\"og:site_name\" content=\"Sophrologue - Sophroth\u00e9rapeute - Hypnoth\u00e9rapeute\" \/>\n<meta property=\"article:modified_time\" content=\"2018-05-21T16:58:06+00:00\" \/>\n<meta name=\"twitter:card\" content=\"summary_large_image\" \/>\n<meta name=\"twitter:label1\" content=\"Dur\u00e9e de lecture est.\" \/>\n\t<meta name=\"twitter:data1\" content=\"1 minute\" \/>\n<script type=\"application\/ld+json\" class=\"yoast-schema-graph\">{\"@context\":\"https:\/\/schema.org\",\"@graph\":[{\"@type\":\"WebSite\",\"@id\":\"http:\/\/sophrologie-hypnose-saint-raphael-frejus.fr\/#website\",\"url\":\"http:\/\/sophrologie-hypnose-saint-raphael-frejus.fr\/\",\"name\":\"Sophrologue - Sophroth\\u00e9rapeute - Hypnoth\\u00e9rapeute\",\"description\":\"Sophie Davignon - Saint-Raphael\",\"potentialAction\":[{\"@type\":\"SearchAction\",\"target\":\"http:\/\/sophrologie-hypnose-saint-raphael-frejus.fr\/?s={search_term_string}\",\"query-input\":\"required name=search_term_string\"}],\"inLanguage\":\"fr-FR\"},{\"@type\":\"WebPage\",\"@id\":\"http:\/\/sophrologie-hypnose-saint-raphael-frejus.fr\/index.php\/qui-suis-je\/#webpage\",\"url\":\"http:\/\/sophrologie-hypnose-saint-raphael-frejus.fr\/index.php\/qui-suis-je\/\",\"name\":\"Domaines d'applications - Sophrologue - Sophroth\\u00e9rapeute - Hypnoth\\u00e9rapeute\",\"isPartOf\":{\"@id\":\"http:\/\/sophrologie-hypnose-saint-raphael-frejus.fr\/#website\"},\"datePublished\":\"2018-05-08T17:42:02+00:00\",\"dateModified\":\"2018-05-21T16:58:06+00:00\",\"breadcrumb\":{\"@id\":\"http:\/\/sophrologie-hypnose-saint-raphael-frejus.fr\/index.php\/qui-suis-je\/#breadcrumb\"},\"inLanguage\":\"fr-FR\",\"potentialAction\":[{\"@type\":\"ReadAction\",\"target\":[\"http:\/\/sophrologie-hypnose-saint-raphael-frejus.fr\/index.php\/qui-suis-je\/\"]}]},{\"@type\":\"BreadcrumbList\",\"@id\":\"http:\/\/sophrologie-hypnose-saint-raphael-frejus.fr\/index.php\/qui-suis-je\/#breadcrumb\",\"itemListElement\":[{\"@type\":\"ListItem\",\"position\":1,\"name\":\"Accueil\",\"item\":\"http:\/\/sophrologie-hypnose-saint-raphael-frejus.fr\/\"},{\"@type\":\"ListItem\",\"position\":2,\"name\":\"Domaines d&rsquo;applications\"}]}]}<\/script>\n<!-- \/ Yoast SEO plugin. -->","_links":{"self":[{"href":"https:\/\/sophrologie-hypnose-saint-raphael-frejus.fr\/index.php\/wp-json\/wp\/v2\/pages\/115"}],"collection":[{"href":"https:\/\/sophrologie-hypnose-saint-raphael-frejus.fr\/index.php\/wp-json\/wp\/v2\/pages"}],"about":[{"href":"https:\/\/sophrologie-hypnose-saint-raphael-frejus.fr\/index.php\/wp-json\/wp\/v2\/types\/page"}],"author":[{"embeddable":true,"href":"https:\/\/sophrologie-hypnose-saint-raphael-frejus.fr\/index.php\/wp-json\/wp\/v2\/users\/1"}],"replies":[{"embeddable":true,"href":"https:\/\/sophrologie-hypnose-saint-raphael-frejus.fr\/index.php\/wp-json\/wp\/v2\/comments?post=115"}],"version-history":[{"count":9,"href":"https:\/\/sophrologie-hypnose-saint-raphael-frejus.fr\/index.php\/wp-json\/wp\/v2\/pages\/115\/revisions"}],"predecessor-version":[{"id":205,"href":"https:\/\/sophrologie-hypnose-saint-raphael-frejus.fr\/index.php\/wp-json\/wp\/v2\/pages\/115\/revisions\/205"}],"wp:attachment":[{"href":"https:\/\/sophrologie-hypnose-saint-raphael-frejus.fr\/index.php\/wp-json\/wp\/v2\/media?parent=115"}],"curies":[{"name":"wp","href":"https:\/\/api.w.org\/{rel}","templated":true}]}}