{"id":74,"date":"2018-05-08T17:57:15","date_gmt":"2018-05-08T15:57:15","guid":{"rendered":"http:\/\/sophrologie-hypnose-saint-raphael-frejus.fr\/?page_id=74"},"modified":"2018-06-07T09:54:44","modified_gmt":"2018-06-07T07:54:44","slug":"sophrotherapie","status":"publish","type":"page","link":"https:\/\/sophrologie-hypnose-saint-raphael-frejus.fr\/index.php\/a-propos-de\/sophrotherapie\/","title":{"rendered":"Qu&rsquo;est ce la sophroth\u00e9rapie"},"content":{"rendered":"<h2>La sophroth\u00e9rapie est une th\u00e9rapie br\u00e8ve qui associe la sophrologie et la psychoth\u00e9rapie.<\/h2>\n<p>Elle vise \u00e0 \u00e9tablir une harmonie entre le corps, ses sensations, la respiration et le mental.<br \/>\nElle permet\u00a0:<br \/>\n&#8211; de relier son v\u00e9cu pr\u00e9sent avec son histoire personnelle,<br \/>\n&#8211; de lib\u00e9rer des \u00e9motions li\u00e9es aux \u00e9v\u00e8nements traumatiques du pass\u00e9,<br \/>\n&#8211; d\u2019avoir acc\u00e8s \u00e0 ses\u00a0 ressources profondes et inconscientes jusqu\u2019alors bloqu\u00e9es,<br \/>\n&#8211; de s&rsquo;accepter et de se r\u00e9v\u00e9ler tel que l\u2019on est,<br \/>\n&#8211; aller de l\u2019avant.<\/p>\n<p>Il s\u2019agit \u00a0d\u2019un travail personnel accompagn\u00e9 par le sophroth\u00e9rapeute.<\/p>\n","protected":false},"excerpt":{"rendered":"<p>La sophroth\u00e9rapie est une th\u00e9rapie br\u00e8ve qui associe la sophrologie et la psychoth\u00e9rapie. Elle vise \u00e0 \u00e9tablir une harmonie entre le corps, ses sensations, la respiration et le mental. Elle permet\u00a0: &#8211; de relier son v\u00e9cu pr\u00e9sent avec son histoire personnelle, &#8211; de lib\u00e9rer des \u00e9motions li\u00e9es aux \u00e9v\u00e8nements traumatiques du pass\u00e9, &#8211; d\u2019avoir acc\u00e8s &hellip; <a href=\"https:\/\/sophrologie-hypnose-saint-raphael-frejus.fr\/index.php\/a-propos-de\/sophrotherapie\/\" class=\"more-link\">Continuer la lecture<span class=\"screen-reader-text\"> de &laquo;&nbsp;Qu&rsquo;est ce la sophroth\u00e9rapie&nbsp;&raquo;<\/span><\/a><\/p>\n","protected":false},"author":1,"featured_media":0,"parent":8,"menu_order":0,"comment_status":"closed","ping_status":"closed","template":"","meta":[],"yoast_head":"<!-- This site is optimized with the Yoast SEO plugin v16.5 - https:\/\/yoast.com\/wordpress\/plugins\/seo\/ -->\n<title>Qu&#039;est ce que la sophroth\u00e9rapie - Saint-Raphael - Fr\u00e9jus<\/title>\n<meta name=\"robots\" content=\"index, follow, max-snippet:-1, max-image-preview:large, max-video-preview:-1\" \/>\n<link rel=\"canonical\" href=\"https:\/\/sophrologie-hypnose-saint-raphael-frejus.fr\/index.php\/a-propos-de\/sophrotherapie\/\" \/>\n<meta property=\"og:locale\" content=\"fr_FR\" \/>\n<meta property=\"og:type\" content=\"article\" \/>\n<meta property=\"og:title\" content=\"Qu&#039;est ce que la sophroth\u00e9rapie - Saint-Raphael - Fr\u00e9jus\" \/>\n<meta property=\"og:description\" content=\"La sophroth\u00e9rapie est une th\u00e9rapie br\u00e8ve qui associe la sophrologie et la psychoth\u00e9rapie. Elle vise \u00e0 \u00e9tablir une harmonie entre le corps, ses sensations, la respiration et le mental. Elle permet\u00a0: &#8211; de relier son v\u00e9cu pr\u00e9sent avec son histoire personnelle, &#8211; de lib\u00e9rer des \u00e9motions li\u00e9es aux \u00e9v\u00e8nements traumatiques du pass\u00e9, &#8211; d\u2019avoir acc\u00e8s &hellip; Continuer la lecture de &laquo;&nbsp;Qu&rsquo;est ce la sophroth\u00e9rapie&nbsp;&raquo;\" \/>\n<meta property=\"og:url\" content=\"https:\/\/sophrologie-hypnose-saint-raphael-frejus.fr\/index.php\/a-propos-de\/sophrotherapie\/\" \/>\n<meta property=\"og:site_name\" content=\"Sophrologue - Sophroth\u00e9rapeute - Hypnoth\u00e9rapeute\" \/>\n<meta property=\"article:modified_time\" content=\"2018-06-07T07:54:44+00:00\" \/>\n<meta name=\"twitter:card\" content=\"summary_large_image\" \/>\n<meta name=\"twitter:label1\" content=\"Dur\u00e9e de lecture est.\" \/>\n\t<meta name=\"twitter:data1\" content=\"1 minute\" \/>\n<script type=\"application\/ld+json\" class=\"yoast-schema-graph\">{\"@context\":\"https:\/\/schema.org\",\"@graph\":[{\"@type\":\"WebSite\",\"@id\":\"http:\/\/sophrologie-hypnose-saint-raphael-frejus.fr\/#website\",\"url\":\"http:\/\/sophrologie-hypnose-saint-raphael-frejus.fr\/\",\"name\":\"Sophrologue - Sophroth\\u00e9rapeute - Hypnoth\\u00e9rapeute\",\"description\":\"Sophie Davignon - Saint-Raphael\",\"potentialAction\":[{\"@type\":\"SearchAction\",\"target\":\"http:\/\/sophrologie-hypnose-saint-raphael-frejus.fr\/?s={search_term_string}\",\"query-input\":\"required name=search_term_string\"}],\"inLanguage\":\"fr-FR\"},{\"@type\":\"WebPage\",\"@id\":\"https:\/\/sophrologie-hypnose-saint-raphael-frejus.fr\/index.php\/a-propos-de\/sophrotherapie\/#webpage\",\"url\":\"https:\/\/sophrologie-hypnose-saint-raphael-frejus.fr\/index.php\/a-propos-de\/sophrotherapie\/\",\"name\":\"Qu'est ce que la sophroth\\u00e9rapie - Saint-Raphael - Fr\\u00e9jus\",\"isPartOf\":{\"@id\":\"http:\/\/sophrologie-hypnose-saint-raphael-frejus.fr\/#website\"},\"datePublished\":\"2018-05-08T15:57:15+00:00\",\"dateModified\":\"2018-06-07T07:54:44+00:00\",\"breadcrumb\":{\"@id\":\"https:\/\/sophrologie-hypnose-saint-raphael-frejus.fr\/index.php\/a-propos-de\/sophrotherapie\/#breadcrumb\"},\"inLanguage\":\"fr-FR\",\"potentialAction\":[{\"@type\":\"ReadAction\",\"target\":[\"https:\/\/sophrologie-hypnose-saint-raphael-frejus.fr\/index.php\/a-propos-de\/sophrotherapie\/\"]}]},{\"@type\":\"BreadcrumbList\",\"@id\":\"https:\/\/sophrologie-hypnose-saint-raphael-frejus.fr\/index.php\/a-propos-de\/sophrotherapie\/#breadcrumb\",\"itemListElement\":[{\"@type\":\"ListItem\",\"position\":1,\"name\":\"Accueil\",\"item\":\"http:\/\/sophrologie-hypnose-saint-raphael-frejus.fr\/\"},{\"@type\":\"ListItem\",\"position\":2,\"name\":\"Sophrologie\",\"item\":\"https:\/\/sophrologie-hypnose-saint-raphael-frejus.fr\/index.php\/a-propos-de\/\"},{\"@type\":\"ListItem\",\"position\":3,\"name\":\"Qu&rsquo;est ce la sophroth\\u00e9rapie\"}]}]}<\/script>\n<!-- \/ Yoast SEO plugin. -->","_links":{"self":[{"href":"https:\/\/sophrologie-hypnose-saint-raphael-frejus.fr\/index.php\/wp-json\/wp\/v2\/pages\/74"}],"collection":[{"href":"https:\/\/sophrologie-hypnose-saint-raphael-frejus.fr\/index.php\/wp-json\/wp\/v2\/pages"}],"about":[{"href":"https:\/\/sophrologie-hypnose-saint-raphael-frejus.fr\/index.php\/wp-json\/wp\/v2\/types\/page"}],"author":[{"embeddable":true,"href":"https:\/\/sophrologie-hypnose-saint-raphael-frejus.fr\/index.php\/wp-json\/wp\/v2\/users\/1"}],"replies":[{"embeddable":true,"href":"https:\/\/sophrologie-hypnose-saint-raphael-frejus.fr\/index.php\/wp-json\/wp\/v2\/comments?post=74"}],"version-history":[{"count":7,"href":"https:\/\/sophrologie-hypnose-saint-raphael-frejus.fr\/index.php\/wp-json\/wp\/v2\/pages\/74\/revisions"}],"predecessor-version":[{"id":210,"href":"https:\/\/sophrologie-hypnose-saint-raphael-frejus.fr\/index.php\/wp-json\/wp\/v2\/pages\/74\/revisions\/210"}],"up":[{"embeddable":true,"href":"https:\/\/sophrologie-hypnose-saint-raphael-frejus.fr\/index.php\/wp-json\/wp\/v2\/pages\/8"}],"wp:attachment":[{"href":"https:\/\/sophrologie-hypnose-saint-raphael-frejus.fr\/index.php\/wp-json\/wp\/v2\/media?parent=74"}],"curies":[{"name":"wp","href":"https:\/\/api.w.org\/{rel}","templated":true}]}}