{"id":93,"date":"2018-05-08T19:27:17","date_gmt":"2018-05-08T17:27:17","guid":{"rendered":"http:\/\/sophrologie-hypnose-saint-raphael-frejus.fr\/?page_id=93"},"modified":"2018-06-07T09:55:21","modified_gmt":"2018-06-07T07:55:21","slug":"quest-ce-que-la-sophrologie","status":"publish","type":"page","link":"https:\/\/sophrologie-hypnose-saint-raphael-frejus.fr\/index.php\/a-propos-de\/quest-ce-que-la-sophrologie\/","title":{"rendered":"Qu\u2019est ce que la sophrologie ?"},"content":{"rendered":"<h2>La sophrologie a \u00e9t\u00e9 cr\u00e9\u00e9e en 1960 par le Dr Alfonso CAYCEDO, neuropsychiatre colombien.<\/h2>\n<p>La sophrologie vient du grec : <strong><em>SOS<\/em><\/strong> (harmonie, paix, s\u00e9r\u00e9nit\u00e9), <strong><em>PHREN<\/em><\/strong> (esprit, conscience) et <strong><em>LOGOS<\/em><\/strong> (\u00e9tude, discours, science). On peut la d\u00e9finir comme <strong><em>la science de l&rsquo;esprit serein.<\/em><\/strong><\/p>\n<p>Elle est n\u00e9e de la synth\u00e8se de techniques occidentales inspir\u00e9es de l&rsquo;hypnose et de la psychiatrie, et de techniques orientales inspir\u00e9es du yoga, du bouddhisme ou du zen.<\/p>\n<p>La Sophrologie est <strong><em>une m\u00e9thode de d\u00e9tente du corps et du mental<\/em><\/strong>.<\/p>\n<p><strong><em>&#8211; C&rsquo;est une science<\/em><\/strong> : elle \u00e9tudie les modifications de la conscience.<br \/>\n<strong><em>&#8211; C&rsquo;est un art de vivre<\/em><\/strong> : bas\u00e9e sur des exercices respiratoires, des exercices psycho corporels et des exercices mentaux (la sophrologie se sert de l&rsquo;imagination comme outil de changement et d\u2019\u00e9volution).<br \/>\n<strong><em>&#8211; C&rsquo;est une philosophie de vie<\/em><\/strong> : son but est la recherche d&rsquo;\u00e9quilibre, \u00eatre plus r\u00e9ceptif, \u00eatre mieux avec soi et par cons\u00e9quent avec les autres.<\/p>\n<p>Elle vise \u00e0 acqu\u00e9rir l&rsquo;autonomie dans la pratique.<\/p>\n","protected":false},"excerpt":{"rendered":"<p>La sophrologie a \u00e9t\u00e9 cr\u00e9\u00e9e en 1960 par le Dr Alfonso CAYCEDO, neuropsychiatre colombien. La sophrologie vient du grec : SOS (harmonie, paix, s\u00e9r\u00e9nit\u00e9), PHREN (esprit, conscience) et LOGOS (\u00e9tude, discours, science). On peut la d\u00e9finir comme la science de l&rsquo;esprit serein. Elle est n\u00e9e de la synth\u00e8se de techniques occidentales inspir\u00e9es de l&rsquo;hypnose et &hellip; <a href=\"https:\/\/sophrologie-hypnose-saint-raphael-frejus.fr\/index.php\/a-propos-de\/quest-ce-que-la-sophrologie\/\" class=\"more-link\">Continuer la lecture<span class=\"screen-reader-text\"> de &laquo;&nbsp;Qu\u2019est ce que la sophrologie ?&nbsp;&raquo;<\/span><\/a><\/p>\n","protected":false},"author":1,"featured_media":0,"parent":8,"menu_order":0,"comment_status":"closed","ping_status":"closed","template":"","meta":[],"yoast_head":"<!-- This site is optimized with the Yoast SEO plugin v16.5 - https:\/\/yoast.com\/wordpress\/plugins\/seo\/ -->\n<title>Qu&#039;est ce que la sophrologie - Saint Raphael - Fr\u00e9jus<\/title>\n<meta name=\"robots\" content=\"index, follow, max-snippet:-1, max-image-preview:large, max-video-preview:-1\" \/>\n<link rel=\"canonical\" href=\"https:\/\/sophrologie-hypnose-saint-raphael-frejus.fr\/index.php\/a-propos-de\/quest-ce-que-la-sophrologie\/\" \/>\n<meta property=\"og:locale\" content=\"fr_FR\" \/>\n<meta property=\"og:type\" content=\"article\" \/>\n<meta property=\"og:title\" content=\"Qu&#039;est ce que la sophrologie - Saint Raphael - Fr\u00e9jus\" \/>\n<meta property=\"og:description\" content=\"La sophrologie a \u00e9t\u00e9 cr\u00e9\u00e9e en 1960 par le Dr Alfonso CAYCEDO, neuropsychiatre colombien. La sophrologie vient du grec : SOS (harmonie, paix, s\u00e9r\u00e9nit\u00e9), PHREN (esprit, conscience) et LOGOS (\u00e9tude, discours, science). On peut la d\u00e9finir comme la science de l&rsquo;esprit serein. Elle est n\u00e9e de la synth\u00e8se de techniques occidentales inspir\u00e9es de l&rsquo;hypnose et &hellip; Continuer la lecture de &laquo;&nbsp;Qu\u2019est ce que la sophrologie ?&nbsp;&raquo;\" \/>\n<meta property=\"og:url\" content=\"https:\/\/sophrologie-hypnose-saint-raphael-frejus.fr\/index.php\/a-propos-de\/quest-ce-que-la-sophrologie\/\" \/>\n<meta property=\"og:site_name\" content=\"Sophrologue - Sophroth\u00e9rapeute - Hypnoth\u00e9rapeute\" \/>\n<meta property=\"article:modified_time\" content=\"2018-06-07T07:55:21+00:00\" \/>\n<meta name=\"twitter:card\" content=\"summary_large_image\" \/>\n<meta name=\"twitter:label1\" content=\"Dur\u00e9e de lecture est.\" \/>\n\t<meta name=\"twitter:data1\" content=\"1 minute\" \/>\n<script type=\"application\/ld+json\" class=\"yoast-schema-graph\">{\"@context\":\"https:\/\/schema.org\",\"@graph\":[{\"@type\":\"WebSite\",\"@id\":\"http:\/\/sophrologie-hypnose-saint-raphael-frejus.fr\/#website\",\"url\":\"http:\/\/sophrologie-hypnose-saint-raphael-frejus.fr\/\",\"name\":\"Sophrologue - Sophroth\\u00e9rapeute - Hypnoth\\u00e9rapeute\",\"description\":\"Sophie Davignon - Saint-Raphael\",\"potentialAction\":[{\"@type\":\"SearchAction\",\"target\":\"http:\/\/sophrologie-hypnose-saint-raphael-frejus.fr\/?s={search_term_string}\",\"query-input\":\"required name=search_term_string\"}],\"inLanguage\":\"fr-FR\"},{\"@type\":\"WebPage\",\"@id\":\"https:\/\/sophrologie-hypnose-saint-raphael-frejus.fr\/index.php\/a-propos-de\/quest-ce-que-la-sophrologie\/#webpage\",\"url\":\"https:\/\/sophrologie-hypnose-saint-raphael-frejus.fr\/index.php\/a-propos-de\/quest-ce-que-la-sophrologie\/\",\"name\":\"Qu'est ce que la sophrologie - Saint Raphael - Fr\\u00e9jus\",\"isPartOf\":{\"@id\":\"http:\/\/sophrologie-hypnose-saint-raphael-frejus.fr\/#website\"},\"datePublished\":\"2018-05-08T17:27:17+00:00\",\"dateModified\":\"2018-06-07T07:55:21+00:00\",\"breadcrumb\":{\"@id\":\"https:\/\/sophrologie-hypnose-saint-raphael-frejus.fr\/index.php\/a-propos-de\/quest-ce-que-la-sophrologie\/#breadcrumb\"},\"inLanguage\":\"fr-FR\",\"potentialAction\":[{\"@type\":\"ReadAction\",\"target\":[\"https:\/\/sophrologie-hypnose-saint-raphael-frejus.fr\/index.php\/a-propos-de\/quest-ce-que-la-sophrologie\/\"]}]},{\"@type\":\"BreadcrumbList\",\"@id\":\"https:\/\/sophrologie-hypnose-saint-raphael-frejus.fr\/index.php\/a-propos-de\/quest-ce-que-la-sophrologie\/#breadcrumb\",\"itemListElement\":[{\"@type\":\"ListItem\",\"position\":1,\"name\":\"Accueil\",\"item\":\"http:\/\/sophrologie-hypnose-saint-raphael-frejus.fr\/\"},{\"@type\":\"ListItem\",\"position\":2,\"name\":\"Sophrologie\",\"item\":\"https:\/\/sophrologie-hypnose-saint-raphael-frejus.fr\/index.php\/a-propos-de\/\"},{\"@type\":\"ListItem\",\"position\":3,\"name\":\"Qu\\u2019est ce que la sophrologie ?\"}]}]}<\/script>\n<!-- \/ Yoast SEO plugin. -->","_links":{"self":[{"href":"https:\/\/sophrologie-hypnose-saint-raphael-frejus.fr\/index.php\/wp-json\/wp\/v2\/pages\/93"}],"collection":[{"href":"https:\/\/sophrologie-hypnose-saint-raphael-frejus.fr\/index.php\/wp-json\/wp\/v2\/pages"}],"about":[{"href":"https:\/\/sophrologie-hypnose-saint-raphael-frejus.fr\/index.php\/wp-json\/wp\/v2\/types\/page"}],"author":[{"embeddable":true,"href":"https:\/\/sophrologie-hypnose-saint-raphael-frejus.fr\/index.php\/wp-json\/wp\/v2\/users\/1"}],"replies":[{"embeddable":true,"href":"https:\/\/sophrologie-hypnose-saint-raphael-frejus.fr\/index.php\/wp-json\/wp\/v2\/comments?post=93"}],"version-history":[{"count":7,"href":"https:\/\/sophrologie-hypnose-saint-raphael-frejus.fr\/index.php\/wp-json\/wp\/v2\/pages\/93\/revisions"}],"predecessor-version":[{"id":212,"href":"https:\/\/sophrologie-hypnose-saint-raphael-frejus.fr\/index.php\/wp-json\/wp\/v2\/pages\/93\/revisions\/212"}],"up":[{"embeddable":true,"href":"https:\/\/sophrologie-hypnose-saint-raphael-frejus.fr\/index.php\/wp-json\/wp\/v2\/pages\/8"}],"wp:attachment":[{"href":"https:\/\/sophrologie-hypnose-saint-raphael-frejus.fr\/index.php\/wp-json\/wp\/v2\/media?parent=93"}],"curies":[{"name":"wp","href":"https:\/\/api.w.org\/{rel}","templated":true}]}}